e 14) to base 9.
3374526
What is -12313123 (base 4) in base 5?
-1344443
What is -10001101001000010 (base 2) in base 3?
-10200010020
What is -12012021002020 (base 3) in base 11?
-1616243
Convert 2402423 (base 5) to base 3.
2020111211
-11010100101111110011 (base 2) to base 8
-3245763
What is -12110202303 (base 4) in base 14?
-311c1d
Convert -100002213311 (base 4) to base 12.
-14a9585
Convert -13323012000 (base 4) to base 5.
-1012431211
What is 43025 (base 9) in base 3?
1110000212
What is 52929 (base 13) in base 8?
442423
Convert -186621 (base 11) to base 12.
-11a056
What is -1110101011111101 (base 2) in base 4?
-32223331
-3424126 (base 7) to base 5
-102121133
Convert 35a63b (base 15) to base 5.
1124111111
2b838 (base 12) to base 8
170354
4031000014 (base 5) to base 11
4607534
414565 (base 9) to base 16
3c179
Convert -1024233303 (base 5) to base 10.
-2180453
-37b743 (base 12) to base 11
-572a92
What is -130013 (base 5) in base 7?
-20413
4302200 (base 5) to base 6
1314051
What is -10011010111110011111 (base 2) in base 13?
-192c16
-151350251 (base 7) to base 10
-10062725
Convert 17a043c (base 14) to base 4.
230203121012
Convert -110221222202 (base 3) to base 9.
-427882
What is -3065401 (base 8) in base 7?
-6626445
What is 4122413214 (base 5) in base 14?
118aa6c
11000010101001110 (base 2) to base 7
563363
What is 2a37ba5 (base 12) in base 9?
17050538
-221002111020 (base 4) to base 12
-3729460
-69dc5 (base 14) to base 2
-111110111101111001
-96403 (base 10) to base 8
-274223
1036900 (base 10) to base 12
420084
What is -11221010100 (base 4) in base 9?
-2703633
Convert -358a17 (base 11) to base 7.
-4554442
Convert -10232522 (base 6) to base 8.
-1111742
What is -9ad9 (base 14) in base 4?
-12203133
What is a5ccbb (base 15) in base 4?
132012111023
10c5b79 (base 13) to base 11
2a1a750
What is 1552010 (base 11) in base 2?
1010000111101000010110
Convert 32014003 (base 5) to base 9.
445822
Convert -2203122300 (base 4) to base 15.
-d34e0
What is 252e3 (base 16) in base 14?
3d6dd
Convert 8b86a (base 13) to base 11.
1639a6
750460 (base 11) to base 13
330923
Convert -106003 (base 13) to base 9.
-645357
Convert 657781 (base 10) to base 13.
1a0527
Convert 71d626 (base 15) to base 6.
311553143
Convert -12271648 (base 9) to base 2.
-10110111011100011111111
Convert -3505424 (base 6) to base 12.
-88274
What is -1100011010001 (base 2) in base 10?
-6353
-10584a (base 13) to base 9
-644284
10211021122022 (base 3) to base 12
82055b
What is -1345423 (base 7) in base 11?
-112a35
Convert 92b07c (base 15) to base 7.
113161026
-14b385 (base 12) to base 11
-21aa4a
What is -2a81a (base 14) in base 3?
-12101012220
Convert 136123 (base 7) to base 8.
63026
What is -10200313202 (base 4) in base 12?
-490882
What is 20011100012 (base 3) in base 10?
121262
-2045668 (base 10) to base 7
-23250022
What is -15421315 (base 6) in base 8?
-2054657
Convert -1462535 (base 10) to base 15.
-1dd525
-1aa4c (base 15) to base 5
-10233242
Convert -1001010011011100 (base 2) to base 15.
-b458
625066 (base 7) to base 6
2145131
What is -4c7c56 (base 13) in base 2?
-111000010100010000110
-1101001010010010011000 (base 2) to base 13
-93a433
-cb90 (base 15) to base 11
-2a431
100030445 (base 6) to base 15
233d02
What is cc20e (base 15) in base 4?
2132110100
Convert -3144234 (base 5) to base 3.
-2200210112
Convert 10010220020 (base 3) to base 13.
2222a
Convert 35433105 (base 6) to base 8.
4165441
What is 1245054 (base 6) in base 5?
4143011
Convert 8268 (base 11) to base 16.
2ad4
Convert -1959946 (base 13) to base 16.
-7f253b
What is -12e75 (base 15) in base 3?
-10002011202
Convert 11015431 (base 6) to base 10.
329131
What is 65161 (base 12) in base 10?
133273
Convert -10011000011001010111 (base 2) to base 3.
-1011201021002
Convert -100000010101011110 (base 2) to base 14.
-363a6
What is 214024115 (base 6) in base 8?
16467057
Convert 6532641 (base 8) to base 13.
493979
20123020320 (base 4) to base 12
8a5b60
-2023031230 (base 4) to base 16
-8b36c
Convert 12200120121 (base 3) to base 4.
123111112
Convert 60740 (base 11) to base 5.
10314422
What is 101100000101 (base 3) in base 12?
99861
What is 12001132 (base 4) in base 7?
131632
21300 (base 12) to base 16
aa70
-1511551 (base 6) to base 16
-154db
2222303441 (base 5) to base 3
100012011210011
What is -1000110001111 (base 2) in base 7?
-16051
What is -2211431003 (base 5) in base 13?
-cbbb31
Convert 12102220010 (base 3) to base 16.
1a24d
What is -1000212221011222 (base 3) in base 6?
-1245350555
What is -2e580 (base 16) in base 10?
-189824
What is 23325433 (base 6) in base 5?
141231010
-112101220011 (base 3) to base 14
-75464
What is -1013020 (base 11) in base 14?
-3485a9
What is -28a46 (base 13) in base 16?
-12a9e
What is 2e9ad3 (base 15) in base 5?
1034312243
11100110011000100 (base 2) to base 14
30db6
Convert 20603023 (base 7) to base 9.
3255124
-232012 (base 8) to base 13
-29b80
Convert -219c5 (base 14) to base 13.
-2b143
Convert -47624 (base 8) to base 7.
-113252
What is -4042233 (base 8) in base 16?
-10449b
Convert -15342045 (base 9) to base 15.
-a1030e
What is -1022130010 (base 4) in base 14?
-7d188
What is -171831 (base 9) in base 11?
-72a20
211109 (base 15) to base 9
2856650
What is -18406a (base 15) in base 6?
-41125331
What is -43558 (base 13) in base 3?
-20012000101
134c9 (base 16) to base 3
11000102202
521335 (base 6) to base 3
2010100212
134417 (base 10) to base 5
13300132
What is 12010132033 (base 4) in base 15?
2166dd
What is -30701 (base 12) in base 11?
-43550
3224053 (base 6) to base 16
26d21
What is 11111001011001110101010 (base 2) in base 7?
126315260
What is -86387 (base 11) in base 16?
-1ea84
What is -10b859 (base 12) in base 4?
-1001230011
Convert -2332401431 (base 5) to base 9.
-11063646
What is 2102210012122 (base 3) in base 7?
14002043
Convert 114030014 (base 5) to base 6.
15232114
What is 5717c (base 13) in base 5?
20032311
1312232212 (base 4) to base 3
220201002111
Convert 126a9b (base 13) to base 16.
6c417
Convert -3617384 (base 9) to base 7.
-22444015
3633a15 (base 12) to base 5
10143113133
Convert -200011210002 (base 3) to base 16.
-57593
36dd27 (base 14) to base 15
272a68
123330101 (base 4) to base 13
4012a
Convert -303203 (base 10) to base 13.
-a8014
What is 450203 (base 7) in base 11?
54672
1a66a8 (base 11) to base 7
2455063
-43340033 (base 6) to base 11
-7aa972
4567700 (base 8) to base 9
2301325
Convert -401266 (base 7) to base 8.
-204205
What is -557098 (base 11) in base 5?
-211403014
What is -6bb0 (base 16) in base 14?
-a092
411100125 (base 6) to base 16
6b9e55
What is -3161587 (base 9) in base 5?
-413201301
What is -52702 (base 12) in base 3?
-12111100102
What is 11001010011101110001 (base 2) in base 16?
ca771
What is 65302110 (base 7) in base 8?
25223572
Convert 41179 (base 10) to base 2.
1010000011011011
What is 3316524 (base 11) in base 10?
5821094
-364c9 (base 16) to base 2
-110110010011001001
Convert 10aba23 (base 13) to base 9.
10601377
Convert 2120020220101 (base 3) to base 16.
14ccd7
What is 420242 (base 5) in base 3?
200221221
Convert -14a4266 (base 11) to base 12.
-a3a005
Convert 4c4e4d (base 15) to base 12.
1287077
-132002321 (base 4) to base 16
-1e0b9
10221011002 (base 3) to base 2
10010111001001000
11101000110001111010000 (base 2) to base 12
267a240
2c1501 (base 14) to base 2
101111000000100001101
Convert 2231525 (base 7) to base 3.
112001120222
Convert 34110 (base 14) to base 8.
366742
Convert 90754 (base 11) to base 3.
20201222220
What is 430750 (base 9) in base 6?
5255243
-108183 (base 9) to base 14
-199b7
What is 16a752 (base 12) in base 16?
5f9ae
Convert 31320020323 (base 4) to base 3.
20211211011001
-3014021 (base 5) to base 7
-256655
-147054 (base 12) to base 13
-c0718
Convert 377475 (base 8) to base 10.
130877
24213144 (base 5) to base 4
313030001
-3123211320 (base 4) to base 10
-899448
205a250 (base 12) to base 16
5cf9dc
What is -3360463 (base 7) in base 12?
-181aa7
What is -1355235 (base 6) in base 14?
-20419
234355131 (base 6) to base 14
82d79d
3e342 (base 16) to base 14
68bd0
3550510 (base 6) to base 9
312426
What is 2b2223 (base 15) in base 5?
1013122413
Convert -48878 (base 9) to base 13.
-11c09
-221212020022 (base 3) to base 4
-1330101110
What is -323645 (base 7) in base 11?
-39566
Convert 41c6ac (bas